(base 3) to base 6
5243042
Convert 10100111111000110000010 (base 2) to base 13.
11a8020
What is -10010101100111010111 (base 2) in base 4?
-2111213113
206276 (base 9) to base 12
5b013
-1110011101000000010001 (base 2) to base 12
-1328729
Convert 424304512 (base 6) to base 11.
4255941
Convert 2bdb9d (base 16) to base 11.
1693532
What is -154d7 (base 16) in base 4?
-111103113
330201242 (base 5) to base 13
3a6020
-12202523 (base 6) to base 13
-10833c
What is -9799164 (base 11) in base 15?
-17a0c9a
Convert -3064123 (base 7) to base 4.
-1122002113
Convert -484767 (base 10) to base 2.
-1110110010110011111
Convert 2226 (base 15) to base 14.
28cc
Convert 53650363 (base 7) to base 3.
22121212122201
What is 1023402431 (base 5) in base 3?
11002012110122
What is 11224311 (base 5) in base 12?
4ab1b
Convert -6060511 (base 7) to base 11.
-4523a9
-2bb363 (base 14) to base 12
-618a77
6c522 (base 15) to base 11
216567
Convert -75414 (base 9) to base 8.
-141365
What is -2ecb81 (base 15) in base 3?
-11021100200011
-88971 (base 11) to base 16
-1f7af
13111141 (base 5) to base 8
373631
33416266 (base 7) to base 16
2c2e31
What is -b8a70 (base 12) in base 2?
-111011011011110100
What is 10001011110111 (base 2) in base 6?
105235
-b13c54 (base 13) to base 4
-33232032000
What is -42404334 (base 5) in base 4?
-1113013230
What is -3ed1ee (base 15) in base 16?
-2e409f
-51c4 (base 14) to base 12
-81a0
What is 530632 (base 7) in base 16?
165a3
Convert -254125 (base 9) to base 12.
-750ab
What is -3e01 (base 15) in base 9?
-20181
What is -c5769 (base 15) in base 14?
-12421b
-3368 (base 9) to base 12
-1538
-1a17693 (base 12) to base 6
-314020303
73192 (base 13) to base 15
41421
Convert 77543 (base 9) to base 16.
c912
What is 437124 (base 16) in base 10?
4419876
What is 321903 (base 10) in base 13?
b369a
-2653e (base 16) to base 13
-565c2
Convert 2616551 (base 8) to base 15.
e5c6a
-24612 (base 11) to base 2
-1000101000010001
1111000111010101111 (base 2) to base 15
9bb39
Convert -1010100021220010 (base 3) to base 15.
-16381a6
-121121111020210 (base 3) to base 9
-17544223
Convert 101683d (base 15) to base 14.
1745874
4116138 (base 11) to base 16
6eeec4
-2200256 (base 9) to base 13
-324840
Convert -1164515 (base 7) to base 4.
-210233123
1486027 (base 11) to base 13
6ac6c6
1000110101101110001 (base 2) to base 12
11b755
-744400 (base 8) to base 14
-6658c
What is -311021211 (base 4) in base 12?
-a5b99
10111100110101010100100 (base 2) to base 5
3041001214
Convert -779805 (base 14) to base 11.
-2323333
What is -123140444 (base 6) in base 13?
-65a043
Convert -1033133141 (base 5) to base 3.
-11012210102102
What is -aeb88 (base 15) in base 13?
-166172
Convert 497 (base 16) to base 6.
5235
Convert -12204142 (base 5) to base 9.
-186320
What is -12111212102112 (base 3) in base 8?
-13132762
-10210202000 (base 3) to base 2
-10010010010010010
Convert 4b50 (base 15) to base 6.
202150
What is 11011111011100111010011 (base 2) in base 16?
6fb9d3
What is 103012231131 (base 4) in base 10?
5008221
-129626 (base 12) to base 6
-10324050
Convert 1270b1 (base 13) to base 10.
443938
What is -23934 (base 12) in base 14?
-136c0
-14523143 (base 7) to base 11
-86597a
-b40aa (base 12) to base 9
-387484
What is -5138 (base 9) in base 13?
-1934
What is -1053634 (base 7) in base 2?
-11111111110111010
What is -4478877 (base 10) in base 3?
-22102112212100
Convert 301033223203 (base 4) to base 6.
1140405111
563034 (base 8) to base 10
189980
Convert 310322330 (base 4) to base 11.
138949
What is 240533 (base 6) in base 13?
96b7
What is -7476070 (base 8) in base 14?
-3a013a
Convert -37718 (base 13) to base 3.
-12012021122
-55050412 (base 6) to base 3
-10002022002122
What is 1640371 (base 8) in base 16?
740f9
What is ad0c (base 15) in base 10?
36687
Convert -3a1039 (base 12) to base 5.
-221040004
What is -1301002 (base 4) in base 12?
-422a
What is -123511 (base 9) in base 13?
-2805a
Convert -27a680 (base 14) to base 7.
-14446520
Convert 8933 (base 10) to base 5.
241213
Convert -323000334 (base 5) to base 4.
-11033231312
Convert -1bab30 (base 16) to base 11.
-10293a1
What is -15575753 (base 10) in base 8?
-73325311
Convert -14792 (base 13) to base 7.
-220454
Convert 37a0 (base 16) to base 6.
145532
-20333013 (base 7) to base 16
-1a0715
11011110011001001 (base 2) to base 5
12120430
Convert 41374665 (base 8) to base 7.
134426201
Convert 1c79123 (base 13) to base 12.
3222b7b
-72818 (base 9) to base 12
-23982
What is abbb38 (base 16) in base 10?
11254584
-17311511 (base 8) to base 4
-33121031021
Convert 144151 (base 8) to base 13.
1a477
22665320 (base 8) to base 10
4942544
What is -c9c8c (base 13) in base 3?
-200112012112
What is ddbfe (base 16) in base 13?
25a562
Convert 481e4 (base 15) to base 5.
24324224
-18645b (base 12) to base 5
-102110420
77175 (base 10) to base 3
10220212100
Convert -20150123 (base 6) to base 12.
-238343
What is -13ee13 (base 16) in base 14?
-25ddd1
What is 1040418 (base 9) in base 5?
120324101
-113121310 (base 4) to base 12
-47584
What is 85eb (base 15) in base 14?
a48a
645494 (base 10) to base 12
271672
What is 100100111000100101101 (base 2) in base 16?
12712d
Convert 20022330 (base 4) to base 10.
33468
-a7794 (base 14) to base 12
-176372
-233001103201 (base 4) to base 8
-57012341
221022012130 (base 4) to base 15
e31c51
-1101010011000001001 (base 2) to base 9
-733624
Convert -34100000 (base 5) to base 2.
-1001001001111100000
3523434 (base 7) to base 14
b7654
Convert -44330444 (base 5) to base 4.
-1132111012
10100011000110011001100 (base 2) to base 8
24306314
410020 (base 5) to base 9
20014
7c5c9 (base 14) to base 5
34143442
What is -102222120221 (base 3) in base 9?
-388527
-b4cd3 (base 14) to base 12
-190449
What is 5413432 (base 7) in base 10?
659122
What is -1113113210 (base 5) in base 6?
-125000430
Convert -75673627 (base 8) to base 10.
-16218007
What is -9bde4 (base 16) in base 7?
-5266221
What is -30122232 (base 5) in base 10?
-239067
-3b870b (base 13) to base 3
-2201111122221
What is 6653c1 (base 13) in base 10?
2410773
47230b (base 12) to base 10
1144379
Convert -131303223 (base 5) to base 6.
-21535142
What is -1001200011110 (base 3) in base 10?
-564366
-11125503 (base 8) to base 10
-2403139
Convert 5370 (base 16) to base 3.
1002022010
Convert -101332301123 (base 4) to base 5.
-2201313223
10012111222002 (base 3) to base 14
324851
Convert -101333223 (base 4) to base 13.
-2771a
62752 (base 12) to base 13
468c8
Convert -3a2366 (base 11) to base 5.
-130221120
-122112001010 (base 3) to base 13
-c0c69
What is a1e08 (base 15) in base 7?
4233665
Convert -2f806 (base 16) to base 5.
-22211231
Convert -2434135 (base 9) to base 16.
-142b3e
-211112210220000 (base 3) to base 12
-401a899
18c7d8 (base 14) to base 2
11010110110000011010
Convert 590c64 (base 16) to base 6.
325025540
Convert -1652814 (base 9) to base 15.
-132bc4
Convert d5bb9 (base 15) to base 13.
1a959b
What is -22663 (base 14) in base 15?
-19b73
What is 203032 (base 11) in base 13?
b559c
11130022201 (base 4) to base 6
50322121
Convert -10312032 (base 5) to base 2.
-10101100101001000
-2030121033 (base 4) to base 14
-10d7d5
-104315200 (base 6) to base 11
-1082555
-2104654 (base 9) to base 16
-112c06
What is -2557345 (base 8) in base 6?
-23134125
Convert -21302202133 (base 4) to base 5.
-1124110203
3583e4 (base 15) to base 5
1123343024
Convert 1221103332 (base 4) to base 3.
210220201020
-214170 (base 8) to base 4
-101201320
What is -202047 (base 10) in base 14?
-538bd
What is -1240131 (base 10) in base 6?
-42325203
268561 (base 12) to base 15
c89b7
What is 2001a (base 13) in base 3?
2220101111
What is 2023223310 (base 4) in base 5?
121302043
-2002122111120 (base 3) to base 12
-459313
432033 (base 5) to base 14
549d
Convert -88b752 (base 12) to base 15.
-2cedd2
What is -120101030 (base 4) in base 10?
-99404
-6581e9 (base 15) to base 10
-4836819
5453320 (base 7) to base 9
1228214
-1145223 (base 8) to base 15
-63088
What is 12a00 (base 13) in base 16?
8755
1111110100101010001 (base 2) to base 12
210069
What is 8ddd08 (base 14) in base 10?
4840228
What is -61219 (base 14) in base 8?
-710267
-331421303 (base 5) to base 12
-592b04
-185324 (base 12) to base 15
-8589a
What is -343034302 (base 5) in base 4?
-11312130012
12621165 (base 7) to base 15
18026